{"id":3858,"date":"2024-12-06T05:30:06","date_gmt":"2024-12-06T12:30:06","guid":{"rendered":"https:\/\/celaya.tecnm.mx\/administracion\/?page_id=3858"},"modified":"2025-04-16T08:41:48","modified_gmt":"2025-04-16T15:41:48","slug":"centros","status":"publish","type":"page","link":"https:\/\/celaya.tecnm.mx\/administracion\/centros\/","title":{"rendered":"Novedades"},"content":{"rendered":"\t\t<div data-elementor-type=\"wp-page\" data-elementor-id=\"3858\" class=\"elementor elementor-3858\" data-elementor-settings=\"{&quot;ha_cmc_init_switcher&quot;:&quot;no&quot;}\">\n\t\t\t\t<div class=\"elementor-element elementor-element-a87bbce e-flex e-con-boxed e-con e-parent\" data-id=\"a87bbce\" data-element_type=\"container\" data-settings=\"{&quot;_ha_eqh_enable&quot;:false}\">\n\t\t\t\t\t<div class=\"e-con-inner\">\n\t\t\t\t<div class=\"elementor-element elementor-element-f25c0de elementor-widget elementor-widget-text-editor\" data-id=\"f25c0de\" data-element_type=\"widget\" data-widget_type=\"text-editor.default\">\n\t\t\t\t<div class=\"elementor-widget-container\">\n\t\t\t\t\t\t\t\t\t<h4 style=\"text-align: center;\"><span class=\"OYPEnA font-feature-liga-off font-feature-clig-off font-feature-calt-off text-decoration-none text-strikethrough-none\">En este espacio encontrar\u00e1s las principales novedades, noticias y eventos que se generan y desarrollan de manera cotidiana en nuestra comunidad.<\/span><\/h4>\t\t\t\t\t\t\t\t<\/div>\n\t\t\t\t<\/div>\n\t\t\t\t\t<\/div>\n\t\t\t\t<\/div>\n\t\t<div class=\"elementor-element elementor-element-a7cb5ba e-flex e-con-boxed e-con e-parent\" data-id=\"a7cb5ba\" data-element_type=\"container\" data-settings=\"{&quot;_ha_eqh_enable&quot;:false}\">\n\t\t\t\t\t<div class=\"e-con-inner\">\n\t\t\t\t\t<\/div>\n\t\t\t\t<\/div>\n\t\t\t\t<\/div>\n\t\t","protected":false},"excerpt":{"rendered":"<p>En este espacio encontrar\u00e1s las principales novedades, noticias y eventos que se generan y desarrollan de manera cotidiana en nuestra comunidad.<\/p>\n","protected":false},"author":1,"featured_media":0,"parent":0,"menu_order":0,"comment_status":"closed","ping_status":"closed","template":"","meta":{"_coblocks_attr":"","_coblocks_dimensions":"","_coblocks_responsive_height":"","_coblocks_accordion_ie_support":"","_eb_attr":"","site-sidebar-layout":"no-sidebar","site-content-layout":"page-builder","ast-site-content-layout":"","site-content-style":"default","site-sidebar-style":"default","ast-global-header-display":"","ast-banner-title-visibility":"","ast-main-header-display":"","ast-hfb-above-header-display":"","ast-hfb-below-header-display":"","ast-hfb-mobile-header-display":"","site-post-title":"disabled","ast-breadcrumbs-content":"","ast-featured-img":"disabled","footer-sml-layout":"","theme-transparent-header-meta":"","adv-header-id-meta":"","stick-header-meta":"","header-above-stick-meta":"","header-main-stick-meta":"","header-below-stick-meta":"","astra-migrate-meta-layouts":"default","ast-page-background-enabled":"default","ast-page-background-meta":{"desktop":{"background-color":"var(--ast-global-color-4)","background-image":"","background-repeat":"repeat","background-position":"center center","background-size":"auto","background-attachment":"scroll","background-type":"","background-media":"","overlay-type":"","overlay-color":"","overlay-opacity":"","overlay-gradient":""},"tablet":{"background-color":"","background-image":"","background-repeat":"repeat","background-position":"center center","background-size":"auto","background-attachment":"scroll","background-type":"","background-media":"","overlay-type":"","overlay-color":"","overlay-opacity":"","overlay-gradient":""},"mobile":{"background-color":"","background-image":"","background-repeat":"repeat","background-position":"center center","background-size":"auto","background-attachment":"scroll","background-type":"","background-media":"","overlay-type":"","overlay-color":"","overlay-opacity":"","overlay-gradient":""}},"ast-content-background-meta":{"desktop":{"background-color":"var(--ast-global-color-5)","background-image":"","background-repeat":"repeat","background-position":"center center","background-size":"auto","background-attachment":"scroll","background-type":"","background-media":"","overlay-type":"","overlay-color":"","overlay-opacity":"","overlay-gradient":""},"tablet":{"background-color":"var(--ast-global-color-5)","background-image":"","background-repeat":"repeat","background-position":"center center","background-size":"auto","background-attachment":"scroll","background-type":"","background-media":"","overlay-type":"","overlay-color":"","overlay-opacity":"","overlay-gradient":""},"mobile":{"background-color":"var(--ast-global-color-5)","background-image":"","background-repeat":"repeat","background-position":"center center","background-size":"auto","background-attachment":"scroll","background-type":"","background-media":"","overlay-type":"","overlay-color":"","overlay-opacity":"","overlay-gradient":""}},"footnotes":""},"class_list":["post-3858","page","type-page","status-publish","hentry"],"jetpack-related-posts":[{"id":979,"url":"https:\/\/celaya.tecnm.mx\/administracion\/contacto-2\/","url_meta":{"origin":3858,"position":0},"title":"Contacto","author":"Administraci\u00f3n","date":"10 de junio de 2022","format":false,"excerpt":"Tendencias hoy Comunicate con Nosotros Queremos saber de ti, env\u00edanos tus dudas, comentarios, sugerencias o simplemente noticias que puedan ser de inter\u00e9sPara consultas generales, comun\u00edcate usando el formulario que aparece en esta p\u00e1gina. \u00a1Esperamos tener noticias tuyas pronto! 461-611-7575 Contacto Antonio Garc\u00eda Cubas Pte #1200 esq. Ignacio Borunda Celaya, Gto.\u2026","rel":"","context":"Entrada similar","block_context":{"text":"Entrada similar","link":""},"img":{"alt_text":"","src":"","width":0,"height":0},"classes":[]},{"id":572,"url":"https:\/\/celaya.tecnm.mx\/administracion\/","url_meta":{"origin":3858,"position":1},"title":"Home","author":"Administraci\u00f3n","date":"8 de junio de 2022","format":false,"excerpt":"Parque Tecnol\u00f3gico InnovaTec Centro de Innovaci\u00f3n, Tecnolog\u00eda y Negocios https:\/\/celaya.tecnm.mx\/administracion\/wp-content\/uploads\/2025\/04\/Vieo.mp4 Quienes somos? El Parque Tecnol\u00f3gico InnovaTec, ubicado en el Campus II del Tecnol\u00f3gico Nacional de M\u00e9xico en Celaya, es un espacio destinado a impulsar el emprendimiento y la creaci\u00f3n de nuevas empresas. Con un enfoque innovador, ofrece un entorno moderno\u2026","rel":"","context":"Entrada similar","block_context":{"text":"Entrada similar","link":""},"img":{"alt_text":"","src":"https:\/\/i0.wp.com\/celaya.tecnm.mx\/administracion\/wp-content\/uploads\/2025\/04\/WhatsApp-Image-2025-04-15-at-1.34.03-PM-768x1087.jpeg?resize=350%2C200&ssl=1","width":350,"height":200,"srcset":"https:\/\/i0.wp.com\/celaya.tecnm.mx\/administracion\/wp-content\/uploads\/2025\/04\/WhatsApp-Image-2025-04-15-at-1.34.03-PM-768x1087.jpeg?resize=350%2C200&ssl=1 1x, https:\/\/i0.wp.com\/celaya.tecnm.mx\/administracion\/wp-content\/uploads\/2025\/04\/WhatsApp-Image-2025-04-15-at-1.34.03-PM-768x1087.jpeg?resize=525%2C300&ssl=1 1.5x, https:\/\/i0.wp.com\/celaya.tecnm.mx\/administracion\/wp-content\/uploads\/2025\/04\/WhatsApp-Image-2025-04-15-at-1.34.03-PM-768x1087.jpeg?resize=700%2C400&ssl=1 2x"},"classes":[]}],"jetpack_sharing_enabled":true,"_links":{"self":[{"href":"https:\/\/celaya.tecnm.mx\/administracion\/wp-json\/wp\/v2\/pages\/3858","targetHints":{"allow":["GET"]}}],"collection":[{"href":"https:\/\/celaya.tecnm.mx\/administracion\/wp-json\/wp\/v2\/pages"}],"about":[{"href":"https:\/\/celaya.tecnm.mx\/administracion\/wp-json\/wp\/v2\/types\/page"}],"author":[{"embeddable":true,"href":"https:\/\/celaya.tecnm.mx\/administracion\/wp-json\/wp\/v2\/users\/1"}],"replies":[{"embeddable":true,"href":"https:\/\/celaya.tecnm.mx\/administracion\/wp-json\/wp\/v2\/comments?post=3858"}],"version-history":[{"count":26,"href":"https:\/\/celaya.tecnm.mx\/administracion\/wp-json\/wp\/v2\/pages\/3858\/revisions"}],"predecessor-version":[{"id":5032,"href":"https:\/\/celaya.tecnm.mx\/administracion\/wp-json\/wp\/v2\/pages\/3858\/revisions\/5032"}],"wp:attachment":[{"href":"https:\/\/celaya.tecnm.mx\/administracion\/wp-json\/wp\/v2\/media?parent=3858"}],"curies":[{"name":"wp","href":"https:\/\/api.w.org\/{rel}","templated":true}]}}