{"id":3457,"date":"2024-12-02T08:17:03","date_gmt":"2024-12-02T15:17:03","guid":{"rendered":"https:\/\/celaya.tecnm.mx\/administracion\/?page_id=3457"},"modified":"2025-02-05T10:41:19","modified_gmt":"2025-02-05T17:41:19","slug":"lanbama-servicios","status":"publish","type":"page","link":"https:\/\/celaya.tecnm.mx\/administracion\/lanbama-servicios\/","title":{"rendered":"Lanbama Servicios"},"content":{"rendered":"\t\t<div data-elementor-type=\"wp-page\" data-elementor-id=\"3457\" class=\"elementor elementor-3457\" data-elementor-settings=\"{&quot;ha_cmc_init_switcher&quot;:&quot;no&quot;}\">\n\t\t\t\t<div class=\"elementor-element elementor-element-203e41b e-flex e-con-boxed e-con e-parent\" data-id=\"203e41b\" data-element_type=\"container\" data-settings=\"{&quot;_ha_eqh_enable&quot;:false}\">\n\t\t\t\t\t<div class=\"e-con-inner\">\n\t\t\t\t<div class=\"elementor-element elementor-element-ef8fde7 ha-has-bg-overlay elementor-widget elementor-widget-eael-content-ticker\" data-id=\"ef8fde7\" data-element_type=\"widget\" data-widget_type=\"eael-content-ticker.default\">\n\t\t\t\t<div class=\"elementor-widget-container\">\n\t\t\t\t\t<div class=\"eael-ticker-wrap\" id=\"eael-ticker-wrap-ef8fde7\"><div class=\"ticker-badge\">\n                    <span>Tendencias hoy<\/span>\n                <\/div><div class=\"eael-ticker\">\n                <div class=\"swiper swiper-8 eael-content-ticker swiper-container-ef8fde7\" data-pagination=\".swiper-pagination-ef8fde7\" data-arrow-next=\".swiper-button-next-ef8fde7\" data-arrow-prev=\".swiper-button-prev-ef8fde7\" data-effect=\"fade\" data-speed=\"400\" data-autoplay=\"2000\" data-loop=\"1\" data-arrows=\"1\">\n                    <div class=\"swiper-wrapper\"><\/div>\n\t\t\t\t<\/div> <div class=\"content-ticker-pagination\"><div class=\"swiper-button-next swiper-button-next-ef8fde7\"><i class=\"fas fa-angle-right\"><\/i><\/div><div class=\"swiper-button-prev swiper-button-prev-ef8fde7\"><i class=\"fas fa-angle-left\"><\/i><\/div><\/div><\/div>\n\t\t<\/div>\t\t\t\t<\/div>\n\t\t\t\t<\/div>\n\t\t\t\t\t<\/div>\n\t\t\t\t<\/div>\n\t\t<div class=\"elementor-element elementor-element-c8c2ff7 e-flex e-con-boxed e-con e-parent\" data-id=\"c8c2ff7\" data-element_type=\"container\" data-settings=\"{&quot;_ha_eqh_enable&quot;:false}\">\n\t\t\t\t\t<div class=\"e-con-inner\">\n\t\t\t\t<div class=\"elementor-element elementor-element-36d1490 elementor-widget elementor-widget-image\" data-id=\"36d1490\" data-element_type=\"widget\" data-widget_type=\"image.default\">\n\t\t\t\t<div class=\"elementor-widget-container\">\n\t\t\t\t\t\t\t\t\t\t\t\t\t\t\t<img decoding=\"async\" width=\"300\" height=\"108\" src=\"https:\/\/i0.wp.com\/celaya.tecnm.mx\/administracion\/wp-content\/uploads\/2024\/12\/logo-2-labama-1.png?fit=300%2C108&amp;ssl=1\" class=\"attachment-medium size-medium wp-image-3489\" alt=\"\" srcset=\"https:\/\/i0.wp.com\/celaya.tecnm.mx\/administracion\/wp-content\/uploads\/2024\/12\/logo-2-labama-1.png?w=2215&amp;ssl=1 2215w, https:\/\/i0.wp.com\/celaya.tecnm.mx\/administracion\/wp-content\/uploads\/2024\/12\/logo-2-labama-1.png?resize=300%2C108&amp;ssl=1 300w, https:\/\/i0.wp.com\/celaya.tecnm.mx\/administracion\/wp-content\/uploads\/2024\/12\/logo-2-labama-1.png?resize=1024%2C370&amp;ssl=1 1024w, https:\/\/i0.wp.com\/celaya.tecnm.mx\/administracion\/wp-content\/uploads\/2024\/12\/logo-2-labama-1.png?resize=768%2C278&amp;ssl=1 768w, https:\/\/i0.wp.com\/celaya.tecnm.mx\/administracion\/wp-content\/uploads\/2024\/12\/logo-2-labama-1.png?resize=1536%2C555&amp;ssl=1 1536w, https:\/\/i0.wp.com\/celaya.tecnm.mx\/administracion\/wp-content\/uploads\/2024\/12\/logo-2-labama-1.png?resize=2048%2C741&amp;ssl=1 2048w, https:\/\/i0.wp.com\/celaya.tecnm.mx\/administracion\/wp-content\/uploads\/2024\/12\/logo-2-labama-1.png?resize=1320%2C477&amp;ssl=1 1320w, https:\/\/i0.wp.com\/celaya.tecnm.mx\/administracion\/wp-content\/uploads\/2024\/12\/logo-2-labama-1.png?resize=600%2C217&amp;ssl=1 600w, https:\/\/i0.wp.com\/celaya.tecnm.mx\/administracion\/wp-content\/uploads\/2024\/12\/logo-2-labama-1.png?resize=350%2C127&amp;ssl=1 350w, https:\/\/i0.wp.com\/celaya.tecnm.mx\/administracion\/wp-content\/uploads\/2024\/12\/logo-2-labama-1.png?resize=1100%2C398&amp;ssl=1 1100w\" sizes=\"(max-width: 300px) 100vw, 300px\" \/>\t\t\t\t\t\t\t\t\t\t\t\t\t\t\t<\/div>\n\t\t\t\t<\/div>\n\t\t\t\t\t<\/div>\n\t\t\t\t<\/div>\n\t\t<div class=\"elementor-element elementor-element-b739a77 e-flex e-con-boxed e-con e-parent\" data-id=\"b739a77\" data-element_type=\"container\" data-settings=\"{&quot;_ha_eqh_enable&quot;:false}\">\n\t\t\t\t\t<div class=\"e-con-inner\">\n\t\t\t\t<div class=\"elementor-element elementor-element-a23665a elementor-widget elementor-widget-heading\" data-id=\"a23665a\" data-element_type=\"widget\" data-widget_type=\"heading.default\">\n\t\t\t\t<div class=\"elementor-widget-container\">\n\t\t\t\t\t<h2 class=\"elementor-heading-title elementor-size-default\">Los servicios que ofrece la sede Celaya de Lanbama son:<\/h2>\t\t\t\t<\/div>\n\t\t\t\t<\/div>\n\t\t\t\t<div class=\"elementor-element elementor-element-68e98fe elementor-widget elementor-widget-text-editor\" data-id=\"68e98fe\" data-element_type=\"widget\" data-widget_type=\"text-editor.default\">\n\t\t\t\t<div class=\"elementor-widget-container\">\n\t\t\t\t\t\t\t\t\t<ol><li>Servicios anal\u00edticos generales.<\/li><li>Establecimiento y validaci\u00f3n de m\u00e9todos:<\/li><\/ol><ul><li>anal\u00edticos<\/li><li>microbiol\u00f3gicos<\/li><li>moleculares especializados.<\/li><\/ul>\t\t\t\t\t\t\t\t<\/div>\n\t\t\t\t<\/div>\n\t\t\t\t<div class=\"elementor-element elementor-element-d09c8bb elementor-widget-divider--view-line elementor-widget elementor-widget-divider\" data-id=\"d09c8bb\" data-element_type=\"widget\" data-widget_type=\"divider.default\">\n\t\t\t\t<div class=\"elementor-widget-container\">\n\t\t\t\t\t\t\t<div class=\"elementor-divider\">\n\t\t\t<span class=\"elementor-divider-separator\">\n\t\t\t\t\t\t<\/span>\n\t\t<\/div>\n\t\t\t\t\t\t<\/div>\n\t\t\t\t<\/div>\n\t\t\t\t<div class=\"elementor-element elementor-element-c1f4b8f elementor-widget elementor-widget-text-editor\" data-id=\"c1f4b8f\" data-element_type=\"widget\" data-widget_type=\"text-editor.default\">\n\t\t\t\t<div class=\"elementor-widget-container\">\n\t\t\t\t\t\t\t\t\t<ol><li>Servicios anal\u00edticos en productos e insumos agr\u00edcolas qu\u00edmicos y bioracionales (fertilizantes, plaguicidas, mejoradores de suelo, composta; biofertilizantes, bioinsecticidas, bioplaguicidas, etc) como:<\/li><\/ol><ul><li style=\"list-style-type: none;\"><ul><li style=\"list-style-type: none;\"><ul><li>An\u00e1lisis fisicoqu\u00edmicos,<\/li><li>an\u00e1lisis microbiol\u00f3gicos,<\/li><li>determinaci\u00f3n de contenido de ingrediente activo,<\/li><li>determinaci\u00f3n de vida de anaquel.<\/li><\/ul><\/li><\/ul><\/li><\/ul>\t\t\t\t\t\t\t\t<\/div>\n\t\t\t\t<\/div>\n\t\t\t\t<div class=\"elementor-element elementor-element-de7fff4 elementor-widget-divider--view-line elementor-widget elementor-widget-divider\" data-id=\"de7fff4\" data-element_type=\"widget\" data-widget_type=\"divider.default\">\n\t\t\t\t<div class=\"elementor-widget-container\">\n\t\t\t\t\t\t\t<div class=\"elementor-divider\">\n\t\t\t<span class=\"elementor-divider-separator\">\n\t\t\t\t\t\t<\/span>\n\t\t<\/div>\n\t\t\t\t\t\t<\/div>\n\t\t\t\t<\/div>\n\t\t\t\t<div class=\"elementor-element elementor-element-a3d7640 elementor-widget elementor-widget-text-editor\" data-id=\"a3d7640\" data-element_type=\"widget\" data-widget_type=\"text-editor.default\">\n\t\t\t\t<div class=\"elementor-widget-container\">\n\t\t\t\t\t\t\t\t\t<ol><li>Servicios anal\u00edticos para determinaci\u00f3n de calidad de aguas residuales:<br \/><ul><li>Microbiol\u00f3gicos<\/li><li>fisicoqu\u00edmicos<\/li><\/ul><\/li><\/ol>\t\t\t\t\t\t\t\t<\/div>\n\t\t\t\t<\/div>\n\t\t\t\t<div class=\"elementor-element elementor-element-843cd0e elementor-widget-divider--view-line elementor-widget elementor-widget-divider\" data-id=\"843cd0e\" data-element_type=\"widget\" data-widget_type=\"divider.default\">\n\t\t\t\t<div class=\"elementor-widget-container\">\n\t\t\t\t\t\t\t<div class=\"elementor-divider\">\n\t\t\t<span class=\"elementor-divider-separator\">\n\t\t\t\t\t\t<\/span>\n\t\t<\/div>\n\t\t\t\t\t\t<\/div>\n\t\t\t\t<\/div>\n\t\t\t\t<div class=\"elementor-element elementor-element-9bc065b elementor-widget elementor-widget-text-editor\" data-id=\"9bc065b\" data-element_type=\"widget\" data-widget_type=\"text-editor.default\">\n\t\t\t\t<div class=\"elementor-widget-container\">\n\t\t\t\t\t\t\t\t\t<ol><li>Servicios anal\u00edticos de calidad de suelos:<br \/><ul><li>Microbiol\u00f3gicos<\/li><li>Fisicoqu\u00edmicos.<\/li><\/ul><\/li><\/ol>\t\t\t\t\t\t\t\t<\/div>\n\t\t\t\t<\/div>\n\t\t\t\t<div class=\"elementor-element elementor-element-e0c96f5 elementor-widget-divider--view-line elementor-widget elementor-widget-divider\" data-id=\"e0c96f5\" data-element_type=\"widget\" data-widget_type=\"divider.default\">\n\t\t\t\t<div class=\"elementor-widget-container\">\n\t\t\t\t\t\t\t<div class=\"elementor-divider\">\n\t\t\t<span class=\"elementor-divider-separator\">\n\t\t\t\t\t\t<\/span>\n\t\t<\/div>\n\t\t\t\t\t\t<\/div>\n\t\t\t\t<\/div>\n\t\t\t\t<div class=\"elementor-element elementor-element-1071f40 elementor-widget elementor-widget-text-editor\" data-id=\"1071f40\" data-element_type=\"widget\" data-widget_type=\"text-editor.default\">\n\t\t\t\t<div class=\"elementor-widget-container\">\n\t\t\t\t\t\t\t\t\t<ol><li>Determinaci\u00f3n anal\u00edtica de contaminantes en suelos:<ul><li>Pesticidas<\/li><li>Plaguicidas<\/li><li>contaminaci\u00f3n por fitopat\u00f3genos y bacterias<\/li><\/ul><\/li><\/ol>\t\t\t\t\t\t\t\t<\/div>\n\t\t\t\t<\/div>\n\t\t\t\t<div class=\"elementor-element elementor-element-b4cd532 elementor-widget-divider--view-line elementor-widget elementor-widget-divider\" data-id=\"b4cd532\" data-element_type=\"widget\" data-widget_type=\"divider.default\">\n\t\t\t\t<div class=\"elementor-widget-container\">\n\t\t\t\t\t\t\t<div class=\"elementor-divider\">\n\t\t\t<span class=\"elementor-divider-separator\">\n\t\t\t\t\t\t<\/span>\n\t\t<\/div>\n\t\t\t\t\t\t<\/div>\n\t\t\t\t<\/div>\n\t\t\t\t<div class=\"elementor-element elementor-element-1a33eb0 elementor-widget elementor-widget-text-editor\" data-id=\"1a33eb0\" data-element_type=\"widget\" data-widget_type=\"text-editor.default\">\n\t\t\t\t<div class=\"elementor-widget-container\">\n\t\t\t\t\t\t\t\t\t<ol><li>Servicios anal\u00edticos de calidad del aire:<ul><li>inocuidad microbiol\u00f3gica en espacios f\u00edsicos<\/li><li>calidad del aire por part\u00edculas<\/li><li>calidad del aire microbiol\u00f3gica<\/li><li>calidad de efluentes gaseosos de empresas en chimeneas por Compuestos vol\u00e1tiles<\/li><\/ul><\/li><\/ol>\t\t\t\t\t\t\t\t<\/div>\n\t\t\t\t<\/div>\n\t\t\t\t<div class=\"elementor-element elementor-element-33242bd elementor-widget-divider--view-line elementor-widget elementor-widget-divider\" data-id=\"33242bd\" data-element_type=\"widget\" data-widget_type=\"divider.default\">\n\t\t\t\t<div class=\"elementor-widget-container\">\n\t\t\t\t\t\t\t<div class=\"elementor-divider\">\n\t\t\t<span class=\"elementor-divider-separator\">\n\t\t\t\t\t\t<\/span>\n\t\t<\/div>\n\t\t\t\t\t\t<\/div>\n\t\t\t\t<\/div>\n\t\t\t\t<div class=\"elementor-element elementor-element-f4240fa elementor-widget elementor-widget-text-editor\" data-id=\"f4240fa\" data-element_type=\"widget\" data-widget_type=\"text-editor.default\">\n\t\t\t\t<div class=\"elementor-widget-container\">\n\t\t\t\t\t\t\t\t\t<ol><li>Valorizaci\u00f3n de residuos de industrias agroalimentarias como insumos agr\u00edcolas, enmiendas, alimentos balanceados para ganado, biocombustibles, etc.<\/li><li>Valorizaci\u00f3n de residuos industriales.<\/li><li>Dise\u00f1o de prototipos para:<ul><li>Remoci\u00f3n de contaminantes de efluentes acuosos,<\/li><li>Remoci\u00f3n de contaminantes de suelos<\/li><li>Remoci\u00f3n de contaminantes de efluentes gaseosos<\/li><li>Recuperaci\u00f3n de subproductos, mol\u00e9culas y metabolitos de inter\u00e9s de bioprocesos; procesos industriales y residuos.<\/li><\/ul><\/li><\/ol>\t\t\t\t\t\t\t\t<\/div>\n\t\t\t\t<\/div>\n\t\t\t\t<div class=\"elementor-element elementor-element-c740d0b elementor-widget-divider--view-line elementor-widget elementor-widget-divider\" data-id=\"c740d0b\" data-element_type=\"widget\" data-widget_type=\"divider.default\">\n\t\t\t\t<div class=\"elementor-widget-container\">\n\t\t\t\t\t\t\t<div class=\"elementor-divider\">\n\t\t\t<span class=\"elementor-divider-separator\">\n\t\t\t\t\t\t<\/span>\n\t\t<\/div>\n\t\t\t\t\t\t<\/div>\n\t\t\t\t<\/div>\n\t\t\t\t<div class=\"elementor-element elementor-element-be77264 elementor-widget elementor-widget-text-editor\" data-id=\"be77264\" data-element_type=\"widget\" data-widget_type=\"text-editor.default\">\n\t\t\t\t<div class=\"elementor-widget-container\">\n\t\t\t\t\t\t\t\t\t<ol><li>Servicios de an\u00e1lisis y caracterizaci\u00f3n de materia prima.<\/li><li>Diagn\u00f3sticos de inocuidad alimentaria.<\/li><li>Aislamiento de microorganismos con aplicaciones biotecnol\u00f3gicas:<ul><li>Alimentos<\/li><li>Productos agr\u00edcolas bioracionales (biofertilizantes, bioinoculantes, mejoradores de suelo, bioinsecticidas, bioplaguicidas, etc)<\/li><li>Aplicaciones farmace\u00faticas y veterinarias<\/li><li>biocombustibles<\/li><li>Biotecnolog\u00eda ambiental<\/li><\/ul><\/li><\/ol>\t\t\t\t\t\t\t\t<\/div>\n\t\t\t\t<\/div>\n\t\t\t\t<div class=\"elementor-element elementor-element-16fb8a5 elementor-widget-divider--view-line elementor-widget elementor-widget-divider\" data-id=\"16fb8a5\" data-element_type=\"widget\" data-widget_type=\"divider.default\">\n\t\t\t\t<div class=\"elementor-widget-container\">\n\t\t\t\t\t\t\t<div class=\"elementor-divider\">\n\t\t\t<span class=\"elementor-divider-separator\">\n\t\t\t\t\t\t<\/span>\n\t\t<\/div>\n\t\t\t\t\t\t<\/div>\n\t\t\t\t<\/div>\n\t\t\t\t<div class=\"elementor-element elementor-element-317a4db elementor-widget elementor-widget-text-editor\" data-id=\"317a4db\" data-element_type=\"widget\" data-widget_type=\"text-editor.default\">\n\t\t\t\t<div class=\"elementor-widget-container\">\n\t\t\t\t\t\t\t\t\t<ol><li>Identificaci\u00f3n molecular de microorganismos de distintas muestras y para diversas aplicaciones.<\/li><li>Dise\u00f1o, optimizaci\u00f3n y escalimento de bioprocesos.<\/li><li>Cursos y diplomados especializados para la capacitaci\u00f3n, habilitaci\u00f3n y formaci\u00f3n de capital humano en temas de:<ul><li>Innovaci\u00f3n y dessarrollo tecnol\u00f3gico<\/li><li>Transferencia de tecnolog\u00eda<\/li><li>Proteccion de propiedad intelectual e industrial<\/li><li>Gesti\u00f3n y actualizaci\u00f3n de modelo de negocios y plan de negocios basados en innovaci\u00f3n y desarrollo tecnol\u00f3gico.<\/li><li>Gesti\u00f3n, defensa y ejecuci\u00f3n de proyectos de innovaci\u00f3n, obteniendo recursos de diversos fondos para la competitividad e innovaci\u00f3n.<\/li><\/ul><\/li><\/ol>\t\t\t\t\t\t\t\t<\/div>\n\t\t\t\t<\/div>\n\t\t\t\t\t<\/div>\n\t\t\t\t<\/div>\n\t\t\t\t<\/div>\n\t\t","protected":false},"excerpt":{"rendered":"<p>Tendencias hoy Prueba 2 Prueba1 Makerspaces y Fablabs: nuevas formas y espacios de\u00a0producci\u00f3n Cultivan lechugas en condiciones extremas de Marte y la Luna en ITC Clausura proyectos programa 2024 Gimnasio Los servicios que ofrece la sede Celaya de Lanbama son: Servicios anal\u00edticos generales. Establecimiento y validaci\u00f3n de m\u00e9todos: anal\u00edticos microbiol\u00f3gicos moleculares especializados. Servicios anal\u00edticos en [&hellip;]<\/p>\n","protected":false},"author":1,"featured_media":0,"parent":0,"menu_order":0,"comment_status":"closed","ping_status":"closed","template":"","meta":{"_coblocks_attr":"","_coblocks_dimensions":"","_coblocks_responsive_height":"","_coblocks_accordion_ie_support":"","_eb_attr":"","site-sidebar-layout":"no-sidebar","site-content-layout":"page-builder","ast-site-content-layout":"","site-content-style":"default","site-sidebar-style":"default","ast-global-header-display":"","ast-banner-title-visibility":"","ast-main-header-display":"","ast-hfb-above-header-display":"","ast-hfb-below-header-display":"","ast-hfb-mobile-header-display":"","site-post-title":"disabled","ast-breadcrumbs-content":"","ast-featured-img":"disabled","footer-sml-layout":"","theme-transparent-header-meta":"","adv-header-id-meta":"","stick-header-meta":"","header-above-stick-meta":"","header-main-stick-meta":"","header-below-stick-meta":"","astra-migrate-meta-layouts":"default","ast-page-background-enabled":"default","ast-page-background-meta":{"desktop":{"background-color":"var(--ast-global-color-4)","background-image":"","background-repeat":"repeat","background-position":"center center","background-size":"auto","background-attachment":"scroll","background-type":"","background-media":"","overlay-type":"","overlay-color":"","overlay-opacity":"","overlay-gradient":""},"tablet":{"background-color":"","background-image":"","background-repeat":"repeat","background-position":"center center","background-size":"auto","background-attachment":"scroll","background-type":"","background-media":"","overlay-type":"","overlay-color":"","overlay-opacity":"","overlay-gradient":""},"mobile":{"background-color":"","background-image":"","background-repeat":"repeat","background-position":"center center","background-size":"auto","background-attachment":"scroll","background-type":"","background-media":"","overlay-type":"","overlay-color":"","overlay-opacity":"","overlay-gradient":""}},"ast-content-background-meta":{"desktop":{"background-color":"var(--ast-global-color-5)","background-image":"","background-repeat":"repeat","background-position":"center center","background-size":"auto","background-attachment":"scroll","background-type":"","background-media":"","overlay-type":"","overlay-color":"","overlay-opacity":"","overlay-gradient":""},"tablet":{"background-color":"var(--ast-global-color-5)","background-image":"","background-repeat":"repeat","background-position":"center center","background-size":"auto","background-attachment":"scroll","background-type":"","background-media":"","overlay-type":"","overlay-color":"","overlay-opacity":"","overlay-gradient":""},"mobile":{"background-color":"var(--ast-global-color-5)","background-image":"","background-repeat":"repeat","background-position":"center center","background-size":"auto","background-attachment":"scroll","background-type":"","background-media":"","overlay-type":"","overlay-color":"","overlay-opacity":"","overlay-gradient":""}},"footnotes":""},"class_list":["post-3457","page","type-page","status-publish","hentry"],"jetpack-related-posts":[],"jetpack_sharing_enabled":true,"_links":{"self":[{"href":"https:\/\/celaya.tecnm.mx\/administracion\/wp-json\/wp\/v2\/pages\/3457","targetHints":{"allow":["GET"]}}],"collection":[{"href":"https:\/\/celaya.tecnm.mx\/administracion\/wp-json\/wp\/v2\/pages"}],"about":[{"href":"https:\/\/celaya.tecnm.mx\/administracion\/wp-json\/wp\/v2\/types\/page"}],"author":[{"embeddable":true,"href":"https:\/\/celaya.tecnm.mx\/administracion\/wp-json\/wp\/v2\/users\/1"}],"replies":[{"embeddable":true,"href":"https:\/\/celaya.tecnm.mx\/administracion\/wp-json\/wp\/v2\/comments?post=3457"}],"version-history":[{"count":40,"href":"https:\/\/celaya.tecnm.mx\/administracion\/wp-json\/wp\/v2\/pages\/3457\/revisions"}],"predecessor-version":[{"id":4843,"href":"https:\/\/celaya.tecnm.mx\/administracion\/wp-json\/wp\/v2\/pages\/3457\/revisions\/4843"}],"wp:attachment":[{"href":"https:\/\/celaya.tecnm.mx\/administracion\/wp-json\/wp\/v2\/media?parent=3457"}],"curies":[{"name":"wp","href":"https:\/\/api.w.org\/{rel}","templated":true}]}}