{"id":2322,"date":"2024-11-18T19:46:10","date_gmt":"2024-11-18T19:46:10","guid":{"rendered":"https:\/\/celaya.tecnm.mx\/administracion\/?page_id=2322"},"modified":"2024-11-18T19:46:10","modified_gmt":"2024-11-18T19:46:10","slug":"solid-works-principiantes","status":"publish","type":"page","link":"https:\/\/celaya.tecnm.mx\/administracion\/solid-works-principiantes\/","title":{"rendered":"Solid Works principiantes"},"content":{"rendered":"","protected":false},"excerpt":{"rendered":"","protected":false},"author":1,"featured_media":0,"parent":0,"menu_order":0,"comment_status":"closed","ping_status":"closed","template":"","meta":{"_coblocks_attr":"","_coblocks_dimensions":"","_coblocks_responsive_height":"","_coblocks_accordion_ie_support":"","_eb_attr":"","site-sidebar-layout":"default","site-content-layout":"","ast-site-content-layout":"","site-content-style":"default","site-sidebar-style":"default","ast-global-header-display":"","ast-banner-title-visibility":"","ast-main-header-display":"","ast-hfb-above-header-display":"","ast-hfb-below-header-display":"","ast-hfb-mobile-header-display":"","site-post-title":"","ast-breadcrumbs-content":"","ast-featured-img":"","footer-sml-layout":"","theme-transparent-header-meta":"","adv-header-id-meta":"","stick-header-meta":"","header-above-stick-meta":"","header-main-stick-meta":"","header-below-stick-meta":"","astra-migrate-meta-layouts":"default","ast-page-background-enabled":"default","ast-page-background-meta":{"desktop":{"background-color":"var(--ast-global-color-4)","background-image":"","background-repeat":"repeat","background-position":"center center","background-size":"auto","background-attachment":"scroll","background-type":"","background-media":"","overlay-type":"","overlay-color":"","overlay-opacity":"","overlay-gradient":""},"tablet":{"background-color":"","background-image":"","background-repeat":"repeat","background-position":"center center","background-size":"auto","background-attachment":"scroll","background-type":"","background-media":"","overlay-type":"","overlay-color":"","overlay-opacity":"","overlay-gradient":""},"mobile":{"background-color":"","background-image":"","background-repeat":"repeat","background-position":"center center","background-size":"auto","background-attachment":"scroll","background-type":"","background-media":"","overlay-type":"","overlay-color":"","overlay-opacity":"","overlay-gradient":""}},"ast-content-background-meta":{"desktop":{"background-color":"var(--ast-global-color-5)","background-image":"","background-repeat":"repeat","background-position":"center center","background-size":"auto","background-attachment":"scroll","background-type":"","background-media":"","overlay-type":"","overlay-color":"","overlay-opacity":"","overlay-gradient":""},"tablet":{"background-color":"var(--ast-global-color-5)","background-image":"","background-repeat":"repeat","background-position":"center center","background-size":"auto","background-attachment":"scroll","background-type":"","background-media":"","overlay-type":"","overlay-color":"","overlay-opacity":"","overlay-gradient":""},"mobile":{"background-color":"var(--ast-global-color-5)","background-image":"","background-repeat":"repeat","background-position":"center center","background-size":"auto","background-attachment":"scroll","background-type":"","background-media":"","overlay-type":"","overlay-color":"","overlay-opacity":"","overlay-gradient":""}},"footnotes":""},"class_list":["post-2322","page","type-page","status-publish","hentry"],"jetpack-related-posts":[{"id":2293,"url":"https:\/\/celaya.tecnm.mx\/administracion\/cursos\/","url_meta":{"origin":2322,"position":0},"title":"Cursos","author":"admin","date":"18 de noviembre de 2024","format":false,"excerpt":"Diplomado en Dise\u00f1o y Manufactura Solid Works Avanzado Solid Works Principiantes Catia Dise\u00f1o Gemelos Digitales","rel":"","context":"Entrada similar","block_context":{"text":"Entrada similar","link":""},"img":{"alt_text":"","src":"","width":0,"height":0},"classes":[]},{"id":2323,"url":"https:\/\/celaya.tecnm.mx\/administracion\/solid-works-avanzado\/","url_meta":{"origin":2322,"position":1},"title":"Solid Works Avanzado","author":"admin","date":"18 de noviembre de 2024","format":false,"excerpt":"","rel":"","context":"Entrada similar","block_context":{"text":"Entrada similar","link":""},"img":{"alt_text":"","src":"","width":0,"height":0},"classes":[]},{"id":2303,"url":"https:\/\/celaya.tecnm.mx\/administracion\/diplomado\/","url_meta":{"origin":2322,"position":2},"title":"Diplomado en Dise\u00f1o y Manufactura con Tecnolog\u00edas Digitales","author":"admin","date":"18 de noviembre de 2024","format":false,"excerpt":"Presentaci\u00f3n Descripci\u00f3n del diplomado Contenido detallado Formulario de contacto Descargar folleto \u00bfQu\u00e9 es 3D expierence Descripci\u00f3n Objetivo General Dirigido a Dise\u00f1o metodologico Sede Profesor responsable Costo Objetivo General Los participantes obtendr\u00e1n conocimientos en el uso de herramientas y metodolog\u00edas digitales para el dise\u00f1o y la fabricaci\u00f3n de productos. Esto incluye\u2026","rel":"","context":"Entrada similar","block_context":{"text":"Entrada similar","link":""},"img":{"alt_text":"","src":"https:\/\/i0.wp.com\/celaya.tecnm.mx\/administracion\/wp-content\/uploads\/2024\/11\/2-731x1024.png?resize=350%2C200&ssl=1","width":350,"height":200,"srcset":"https:\/\/i0.wp.com\/celaya.tecnm.mx\/administracion\/wp-content\/uploads\/2024\/11\/2-731x1024.png?resize=350%2C200&ssl=1 1x, https:\/\/i0.wp.com\/celaya.tecnm.mx\/administracion\/wp-content\/uploads\/2024\/11\/2-731x1024.png?resize=525%2C300&ssl=1 1.5x, https:\/\/i0.wp.com\/celaya.tecnm.mx\/administracion\/wp-content\/uploads\/2024\/11\/2-731x1024.png?resize=700%2C400&ssl=1 2x"},"classes":[]},{"id":3712,"url":"https:\/\/celaya.tecnm.mx\/administracion\/gimnasio-programa\/","url_meta":{"origin":2322,"position":3},"title":"Gimnasio programa","author":"admin","date":"4 de diciembre de 2024","format":false,"excerpt":"Tendencias hoy Prueba1 Makerspaces y Fablabs: nuevas formas y espacios de\u00a0producci\u00f3n Cultivan lechugas en condiciones extremas de Marte y la Luna en ITC Clausura proyectos programa 2024 Gimnasio Presentaci\u00f3n de Proyectos Mecatr\u00f3nica \u00a0Gimnasio\u00a0 de Emprendiento InnovaTec\u00a0 Creando musculo emprendedor Para poder llevar a cabo nuestro objetivo, tenemos una serie de\u2026","rel":"","context":"Entrada similar","block_context":{"text":"Entrada similar","link":""},"img":{"alt_text":"","src":"https:\/\/i0.wp.com\/celaya.tecnm.mx\/administracion\/wp-content\/uploads\/2024\/12\/programa-1.png?resize=350%2C200&ssl=1","width":350,"height":200,"srcset":"https:\/\/i0.wp.com\/celaya.tecnm.mx\/administracion\/wp-content\/uploads\/2024\/12\/programa-1.png?resize=350%2C200&ssl=1 1x, https:\/\/i0.wp.com\/celaya.tecnm.mx\/administracion\/wp-content\/uploads\/2024\/12\/programa-1.png?resize=525%2C300&ssl=1 1.5x, https:\/\/i0.wp.com\/celaya.tecnm.mx\/administracion\/wp-content\/uploads\/2024\/12\/programa-1.png?resize=700%2C400&ssl=1 2x"},"classes":[]},{"id":3993,"url":"https:\/\/celaya.tecnm.mx\/administracion\/materiales-estrategicos\/","url_meta":{"origin":2322,"position":4},"title":"Materiales estrat\u00e9gicos","author":"admin","date":"8 de diciembre de 2024","format":false,"excerpt":"Centro de Incubaci\u00f3n e Innovaci\u00f3n Empresarial El Centro ofrece investigaci\u00f3n, servicios y capacitaci\u00f3n de las siguientes \u00e1reas: Identificaci\u00f3n de fracturas o fallas en superficiesIdentificaci\u00f3n de compuestos org\u00e1nicos en muestras s\u00f3lidas y l\u00edquidasCuantificaci\u00f3n de nitratos, cloruros y otros iones en muestras l\u00edquidasDeterminaci\u00f3n de humedad en s\u00f3lidosDeterminaci\u00f3n de compuestos org\u00e1nicos vol\u00e1tilesMedici\u00f3n de\u2026","rel":"","context":"Entrada similar","block_context":{"text":"Entrada similar","link":""},"img":{"alt_text":"","src":"","width":0,"height":0},"classes":[]},{"id":3022,"url":"https:\/\/celaya.tecnm.mx\/administracion\/proyectos\/","url_meta":{"origin":2322,"position":5},"title":"Proyectos","author":"admin","date":"28 de noviembre de 2024","format":false,"excerpt":"Colaboradores Colaboraciones Proyectos vigentes Publicaciones IOT Hardware in the Loop Men\u00fa conmutador hamburguesa Proyectos Vigentes Sisitemas de Navegaci\u00f3n en Realidad Virtual Ram\u00edrez Jaime Brandon Alexis Objetivo:Desarrollar un sistema de realidad aumentada que incorpore un asistente por voz y procesamiento de im\u00e1genes para ofrecer a las personas con discapacidad visual informaci\u00f3n\u2026","rel":"","context":"Entrada similar","block_context":{"text":"Entrada similar","link":""},"img":{"alt_text":"","src":"https:\/\/i0.wp.com\/celaya.tecnm.mx\/administracion\/wp-content\/uploads\/2024\/11\/DSM-350x245.png?resize=350%2C200&ssl=1","width":350,"height":200},"classes":[]}],"jetpack_sharing_enabled":true,"_links":{"self":[{"href":"https:\/\/celaya.tecnm.mx\/administracion\/wp-json\/wp\/v2\/pages\/2322","targetHints":{"allow":["GET"]}}],"collection":[{"href":"https:\/\/celaya.tecnm.mx\/administracion\/wp-json\/wp\/v2\/pages"}],"about":[{"href":"https:\/\/celaya.tecnm.mx\/administracion\/wp-json\/wp\/v2\/types\/page"}],"author":[{"embeddable":true,"href":"https:\/\/celaya.tecnm.mx\/administracion\/wp-json\/wp\/v2\/users\/1"}],"replies":[{"embeddable":true,"href":"https:\/\/celaya.tecnm.mx\/administracion\/wp-json\/wp\/v2\/comments?post=2322"}],"version-history":[{"count":1,"href":"https:\/\/celaya.tecnm.mx\/administracion\/wp-json\/wp\/v2\/pages\/2322\/revisions"}],"predecessor-version":[{"id":2329,"href":"https:\/\/celaya.tecnm.mx\/administracion\/wp-json\/wp\/v2\/pages\/2322\/revisions\/2329"}],"wp:attachment":[{"href":"https:\/\/celaya.tecnm.mx\/administracion\/wp-json\/wp\/v2\/media?parent=2322"}],"curies":[{"name":"wp","href":"https:\/\/api.w.org\/{rel}","templated":true}]}}