{"id":2293,"date":"2024-11-18T19:19:35","date_gmt":"2024-11-18T19:19:35","guid":{"rendered":"https:\/\/celaya.tecnm.mx\/administracion\/?page_id=2293"},"modified":"2025-08-15T09:59:48","modified_gmt":"2025-08-15T16:59:48","slug":"cursos","status":"publish","type":"page","link":"https:\/\/celaya.tecnm.mx\/administracion\/cursos\/","title":{"rendered":"Cursos"},"content":{"rendered":"\t\t<div data-elementor-type=\"wp-page\" data-elementor-id=\"2293\" class=\"elementor elementor-2293\" data-elementor-settings=\"{&quot;ha_cmc_init_switcher&quot;:&quot;no&quot;}\">\n\t\t\t\t<div class=\"elementor-element elementor-element-0ac2a18 e-grid e-con-boxed e-con e-parent\" data-id=\"0ac2a18\" data-element_type=\"container\" data-settings=\"{&quot;_ha_eqh_enable&quot;:false}\">\n\t\t\t\t\t<div class=\"e-con-inner\">\n\t\t\t\t<div class=\"elementor-element elementor-element-6fa89e1 elementor-widget elementor-widget-eael-creative-button\" data-id=\"6fa89e1\" data-element_type=\"widget\" data-widget_type=\"eael-creative-button.default\">\n\t\t\t\t<div class=\"elementor-widget-container\">\n\t\t\t\t\t        <div class=\"eael-creative-button-wrapper\">\n\n            <a class=\"eael-creative-button eael-creative-button--rayen\" href=\"https:\/\/celaya.tecnm.mx\/administracion\/diplomado\/\" data-text=\"Vis\u00edtalo!\">\n\n\t    \n                <div class=\"creative-button-inner\">\n\n                    \n                    <span class=\"cretive-button-text\">Diplomado en Dise\u00f1o y Manufactura<\/span>\n\n                                            <span class=\"eael-creative-button-icon-right\"><i aria-hidden=\"true\" class=\"hm hm-book\"><\/i><\/span>                                    <\/div>\n\t                        <\/a>\n        <\/div>\n        \t\t\t\t<\/div>\n\t\t\t\t<\/div>\n\t\t\t\t<div class=\"elementor-element elementor-element-a981e55 elementor-widget elementor-widget-eael-creative-button\" data-id=\"a981e55\" data-element_type=\"widget\" data-widget_type=\"eael-creative-button.default\">\n\t\t\t\t<div class=\"elementor-widget-container\">\n\t\t\t\t\t        <div class=\"eael-creative-button-wrapper\">\n\n            <a class=\"eael-creative-button eael-creative-button--rayen\" href=\"https:\/\/celaya.tecnm.mx\/administracion\/solid-works-avanzado\/\" data-text=\"Vis\u00edtalo!\">\n\n\t    \n                <div class=\"creative-button-inner\">\n\n                    \n                    <span class=\"cretive-button-text\">Solid Works Avanzado<\/span>\n\n                                            <span class=\"eael-creative-button-icon-right\"><i aria-hidden=\"true\" class=\"fas fa-globe\"><\/i><\/span>                                    <\/div>\n\t                        <\/a>\n        <\/div>\n        \t\t\t\t<\/div>\n\t\t\t\t<\/div>\n\t\t\t\t<div class=\"elementor-element elementor-element-dedee09 elementor-widget elementor-widget-eael-creative-button\" data-id=\"dedee09\" data-element_type=\"widget\" data-widget_type=\"eael-creative-button.default\">\n\t\t\t\t<div class=\"elementor-widget-container\">\n\t\t\t\t\t        <div class=\"eael-creative-button-wrapper\">\n\n            <a class=\"eael-creative-button eael-creative-button--rayen\" href=\"https:\/\/celaya.tecnm.mx\/administracion\/lanbama\/\" data-text=\"Vis\u00edtalo!\">\n\n\t    \n                <div class=\"creative-button-inner\">\n\n                    \n                    <span class=\"cretive-button-text\">Solid Works Principiantes<\/span>\n\n                                            <span class=\"eael-creative-button-icon-right\"><i aria-hidden=\"true\" class=\"fas fa-globe\"><\/i><\/span>                                    <\/div>\n\t                        <\/a>\n        <\/div>\n        \t\t\t\t<\/div>\n\t\t\t\t<\/div>\n\t\t\t\t<div class=\"elementor-element elementor-element-f8314a6 elementor-widget elementor-widget-eael-creative-button\" data-id=\"f8314a6\" data-element_type=\"widget\" data-widget_type=\"eael-creative-button.default\">\n\t\t\t\t<div class=\"elementor-widget-container\">\n\t\t\t\t\t        <div class=\"eael-creative-button-wrapper\">\n\n            <a class=\"eael-creative-button eael-creative-button--rayen\" href=\"https:\/\/celaya.tecnm.mx\/administracion\/catia\/\" data-text=\"Vis\u00edtalo!\">\n\n\t    \n                <div class=\"creative-button-inner\">\n\n                    \n                    <span class=\"cretive-button-text\">Catia<\/span>\n\n                                            <span class=\"eael-creative-button-icon-right\"><i aria-hidden=\"true\" class=\"fas fa-industry\"><\/i><\/span>                                    <\/div>\n\t                        <\/a>\n        <\/div>\n        \t\t\t\t<\/div>\n\t\t\t\t<\/div>\n\t\t\t\t<div class=\"elementor-element elementor-element-eff1f89 elementor-widget elementor-widget-eael-creative-button\" data-id=\"eff1f89\" data-element_type=\"widget\" data-widget_type=\"eael-creative-button.default\">\n\t\t\t\t<div class=\"elementor-widget-container\">\n\t\t\t\t\t        <div class=\"eael-creative-button-wrapper\">\n\n            <a class=\"eael-creative-button eael-creative-button--rayen\" href=\"https:\/\/celaya.tecnm.mx\/administracion\/diseno-gemelos-digitales\/\" data-text=\"Vis\u00edtalo!\">\n\n\t    \n                <div class=\"creative-button-inner\">\n\n                    \n                    <span class=\"cretive-button-text\">Dise\u00f1o Gemelos Digitales<\/span>\n\n                                            <span class=\"eael-creative-button-icon-right\"><i aria-hidden=\"true\" class=\"hm hm-layer\"><\/i><\/span>                                    <\/div>\n\t                        <\/a>\n        <\/div>\n        \t\t\t\t<\/div>\n\t\t\t\t<\/div>\n\t\t\t\t\t<\/div>\n\t\t\t\t<\/div>\n\t\t\t\t<\/div>\n\t\t","protected":false},"excerpt":{"rendered":"<p>Diplomado en Dise\u00f1o y Manufactura Solid Works Avanzado Solid Works Principiantes Catia Dise\u00f1o Gemelos Digitales<\/p>\n","protected":false},"author":1,"featured_media":0,"parent":0,"menu_order":0,"comment_status":"closed","ping_status":"closed","template":"","meta":{"_coblocks_attr":"","_coblocks_dimensions":"","_coblocks_responsive_height":"","_coblocks_accordion_ie_support":"","_eb_attr":"","site-sidebar-layout":"no-sidebar","site-content-layout":"page-builder","ast-site-content-layout":"","site-content-style":"default","site-sidebar-style":"default","ast-global-header-display":"","ast-banner-title-visibility":"","ast-main-header-display":"","ast-hfb-above-header-display":"","ast-hfb-below-header-display":"","ast-hfb-mobile-header-display":"","site-post-title":"disabled","ast-breadcrumbs-content":"","ast-featured-img":"disabled","footer-sml-layout":"","theme-transparent-header-meta":"","adv-header-id-meta":"","stick-header-meta":"","header-above-stick-meta":"","header-main-stick-meta":"","header-below-stick-meta":"","astra-migrate-meta-layouts":"default","ast-page-background-enabled":"default","ast-page-background-meta":{"desktop":{"background-color":"var(--ast-global-color-4)","background-image":"","background-repeat":"repeat","background-position":"center center","background-size":"auto","background-attachment":"scroll","background-type":"","background-media":"","overlay-type":"","overlay-color":"","overlay-opacity":"","overlay-gradient":""},"tablet":{"background-color":"","background-image":"","background-repeat":"repeat","background-position":"center center","background-size":"auto","background-attachment":"scroll","background-type":"","background-media":"","overlay-type":"","overlay-color":"","overlay-opacity":"","overlay-gradient":""},"mobile":{"background-color":"","background-image":"","background-repeat":"repeat","background-position":"center center","background-size":"auto","background-attachment":"scroll","background-type":"","background-media":"","overlay-type":"","overlay-color":"","overlay-opacity":"","overlay-gradient":""}},"ast-content-background-meta":{"desktop":{"background-color":"var(--ast-global-color-5)","background-image":"","background-repeat":"repeat","background-position":"center center","background-size":"auto","background-attachment":"scroll","background-type":"","background-media":"","overlay-type":"","overlay-color":"","overlay-opacity":"","overlay-gradient":""},"tablet":{"background-color":"var(--ast-global-color-5)","background-image":"","background-repeat":"repeat","background-position":"center center","background-size":"auto","background-attachment":"scroll","background-type":"","background-media":"","overlay-type":"","overlay-color":"","overlay-opacity":"","overlay-gradient":""},"mobile":{"background-color":"var(--ast-global-color-5)","background-image":"","background-repeat":"repeat","background-position":"center center","background-size":"auto","background-attachment":"scroll","background-type":"","background-media":"","overlay-type":"","overlay-color":"","overlay-opacity":"","overlay-gradient":""}},"footnotes":""},"class_list":["post-2293","page","type-page","status-publish","hentry"],"jetpack-related-posts":[{"id":2303,"url":"https:\/\/celaya.tecnm.mx\/administracion\/diplomado\/","url_meta":{"origin":2293,"position":0},"title":"Diplomado en Dise\u00f1o y Manufactura con Tecnolog\u00edas Digitales","author":"admin","date":"18 de noviembre de 2024","format":false,"excerpt":"Presentaci\u00f3n Descripci\u00f3n del diplomado Contenido detallado Formulario de contacto Descargar folleto \u00bfQu\u00e9 es 3D expierence Descripci\u00f3n Objetivo General Dirigido a Dise\u00f1o metodologico Sede Profesor responsable Costo Objetivo General Los participantes obtendr\u00e1n conocimientos en el uso de herramientas y metodolog\u00edas digitales para el dise\u00f1o y la fabricaci\u00f3n de productos. Esto incluye\u2026","rel":"","context":"Entrada similar","block_context":{"text":"Entrada similar","link":""},"img":{"alt_text":"","src":"https:\/\/i0.wp.com\/celaya.tecnm.mx\/administracion\/wp-content\/uploads\/2024\/11\/2-731x1024.png?resize=350%2C200&ssl=1","width":350,"height":200,"srcset":"https:\/\/i0.wp.com\/celaya.tecnm.mx\/administracion\/wp-content\/uploads\/2024\/11\/2-731x1024.png?resize=350%2C200&ssl=1 1x, https:\/\/i0.wp.com\/celaya.tecnm.mx\/administracion\/wp-content\/uploads\/2024\/11\/2-731x1024.png?resize=525%2C300&ssl=1 1.5x, https:\/\/i0.wp.com\/celaya.tecnm.mx\/administracion\/wp-content\/uploads\/2024\/11\/2-731x1024.png?resize=700%2C400&ssl=1 2x"},"classes":[]},{"id":2326,"url":"https:\/\/celaya.tecnm.mx\/administracion\/diseno-gemelos-digitales\/","url_meta":{"origin":2293,"position":1},"title":"Dise\u00f1o Gemelos Digitales","author":"admin","date":"18 de noviembre de 2024","format":false,"excerpt":"","rel":"","context":"Entrada similar","block_context":{"text":"Entrada similar","link":""},"img":{"alt_text":"","src":"","width":0,"height":0},"classes":[]},{"id":3725,"url":"https:\/\/celaya.tecnm.mx\/administracion\/fablab\/","url_meta":{"origin":2293,"position":2},"title":"FabLab","author":"admin","date":"4 de diciembre de 2024","format":false,"excerpt":"\u00a0Fab Lab InnovaTec\u00a0 Creando musculo emprendedor Qu\u00e9 es una Fab Lab Un Fab Lab, abreviatura de \"Fabrication Laboratory\" (Laboratorio de Fabricaci\u00f3n), es un espacio dedicado a la fabricaci\u00f3n digital donde se\u00a0 fomenta la creatividad, el aprendizaje y la innovaci\u00f3n. Estos laboratorios ofrecen acceso a herramientas y tecnolog\u00edas avanzadas de dise\u00f1o\u2026","rel":"","context":"Entrada similar","block_context":{"text":"Entrada similar","link":""},"img":{"alt_text":"","src":"https:\/\/i0.wp.com\/celaya.tecnm.mx\/administracion\/wp-content\/uploads\/2024\/12\/julianferrer_fotografia_hiperreal_de_estudiantes_trabajando_en__24d56e4c-16f7-4146-a36f-ab0142a5802ff.png?resize=350%2C200&ssl=1","width":350,"height":200,"srcset":"https:\/\/i0.wp.com\/celaya.tecnm.mx\/administracion\/wp-content\/uploads\/2024\/12\/julianferrer_fotografia_hiperreal_de_estudiantes_trabajando_en__24d56e4c-16f7-4146-a36f-ab0142a5802ff.png?resize=350%2C200&ssl=1 1x, https:\/\/i0.wp.com\/celaya.tecnm.mx\/administracion\/wp-content\/uploads\/2024\/12\/julianferrer_fotografia_hiperreal_de_estudiantes_trabajando_en__24d56e4c-16f7-4146-a36f-ab0142a5802ff.png?resize=525%2C300&ssl=1 1.5x, https:\/\/i0.wp.com\/celaya.tecnm.mx\/administracion\/wp-content\/uploads\/2024\/12\/julianferrer_fotografia_hiperreal_de_estudiantes_trabajando_en__24d56e4c-16f7-4146-a36f-ab0142a5802ff.png?resize=700%2C400&ssl=1 2x"},"classes":[]},{"id":2323,"url":"https:\/\/celaya.tecnm.mx\/administracion\/solid-works-avanzado\/","url_meta":{"origin":2293,"position":3},"title":"Solid Works Avanzado","author":"admin","date":"18 de noviembre de 2024","format":false,"excerpt":"","rel":"","context":"Entrada similar","block_context":{"text":"Entrada similar","link":""},"img":{"alt_text":"","src":"","width":0,"height":0},"classes":[]},{"id":2322,"url":"https:\/\/celaya.tecnm.mx\/administracion\/solid-works-principiantes\/","url_meta":{"origin":2293,"position":4},"title":"Solid Works principiantes","author":"admin","date":"18 de noviembre de 2024","format":false,"excerpt":"","rel":"","context":"Entrada similar","block_context":{"text":"Entrada similar","link":""},"img":{"alt_text":"","src":"","width":0,"height":0},"classes":[]},{"id":4923,"url":"https:\/\/celaya.tecnm.mx\/administracion\/elementor-4923\/","url_meta":{"origin":2293,"position":5},"title":"CIIF","author":"admin","date":"8 de marzo de 2025","format":false,"excerpt":"\u00bfQui\u00e9nes somos? El CIIF est\u00e1 ubicado en el edificio de INNOVATEC en el Tecnol\u00f3gico Nacional de M\u00e9xico en Celaya. Somos un centro de innovaci\u00f3n dedicado a ofrecer capacitaci\u00f3n y servicios especializados en modelaci\u00f3n 3D, manufactura aditiva y escaneo 3D, con el firme prop\u00f3sito de impulsar el desarrollo tecnol\u00f3gico e industrial\u2026","rel":"","context":"Entrada similar","block_context":{"text":"Entrada similar","link":""},"img":{"alt_text":"","src":"https:\/\/i0.wp.com\/celaya.tecnm.mx\/administracion\/wp-content\/uploads\/2025\/03\/image-removebg-preview-1-300x300.jpg?resize=350%2C200&ssl=1","width":350,"height":200},"classes":[]}],"jetpack_sharing_enabled":true,"_links":{"self":[{"href":"https:\/\/celaya.tecnm.mx\/administracion\/wp-json\/wp\/v2\/pages\/2293","targetHints":{"allow":["GET"]}}],"collection":[{"href":"https:\/\/celaya.tecnm.mx\/administracion\/wp-json\/wp\/v2\/pages"}],"about":[{"href":"https:\/\/celaya.tecnm.mx\/administracion\/wp-json\/wp\/v2\/types\/page"}],"author":[{"embeddable":true,"href":"https:\/\/celaya.tecnm.mx\/administracion\/wp-json\/wp\/v2\/users\/1"}],"replies":[{"embeddable":true,"href":"https:\/\/celaya.tecnm.mx\/administracion\/wp-json\/wp\/v2\/comments?post=2293"}],"version-history":[{"count":16,"href":"https:\/\/celaya.tecnm.mx\/administracion\/wp-json\/wp\/v2\/pages\/2293\/revisions"}],"predecessor-version":[{"id":5114,"href":"https:\/\/celaya.tecnm.mx\/administracion\/wp-json\/wp\/v2\/pages\/2293\/revisions\/5114"}],"wp:attachment":[{"href":"https:\/\/celaya.tecnm.mx\/administracion\/wp-json\/wp\/v2\/media?parent=2293"}],"curies":[{"name":"wp","href":"https:\/\/api.w.org\/{rel}","templated":true}]}}